3/(-7) - (-4)/(-7). Let z = y + 83. Determine r(z).
-10
Let v(p) = p. Let w(l) = 2*l. Let z(h) = -3*v(h) + w(h). Let d(x) = 6*x + 2. Let m(f) = d(f) + 8*z(f). Let u(r) = -r - 3. Let t be u(0). Calculate m(t).
8
Let k(s) be the third derivative of s**4/12 - 2*s**3/3 + 11*s**2. Give k(3).
2
Let s(i) be the first derivative of i**4/4 - i**3 + i**2/2 + 4*i + 1. Let k = 6 + -2. Let a(w) = -w**3 + 5*w**2 - 2*w - 5. Let t be a(k). Calculate s(t).
7
Let u(l) = 5*l**2 + l + 1. Let d(k) = k + 6. Let q be d(0). Suppose -i + q*i = -15. Let v be (1 - 1)/i + -1. Give u(v).
5
Let x(n) = -n**2 - 18*n + 19. Let k(r) = 5*r**2 + 92*r - 96. Let v(l) = -2*k(l) - 11*x(l). Determine v(-13).
-30
Let h(a) = a**3 - 6*a**2 - 8*a + 9. Let v be h(7). Suppose -v*j = -3 + 9. Let d(n) = -n**3 - 4*n**2 - 4*n - 2. What is d(j)?
1
Let f(s) be the second derivative of s**5/20 + 5*s**4/12 + 5*s**3/6 + 5*s**2/2 - 27*s + 3. Give f(-5).
-20
Let h(p) = -p**2 + 3*p + 3. Let j = 4 + -13. Let r(t) = -t + 6. Let l be r(j). Suppose -5*d - 2*y + l = 1, -2*y - 10 = -d. Give h(d).
-1
Let a(t) = t**3 + 5*t**2 - 7*t + 1. Suppose -2*g = -4*n - 6*g - 20, -4*g = -5*n - 34. Determine a(n).
7
Let y(f) = f**3 + f**2 - f. Let t(x) = x - 5. Let v be t(4). Let q(u) = 2*u**3 - 3*u**2 - 2*u. Let m(z) = v*y(z) + q(z). What is m(4)?
-4
Let x(b) = -b**3 + 4*b**2 - 4*b + 1. Let i = 997 + -995. Give x(i).
1
Let h(x) = x**3 - x**2 + 13. Let v(j) = -2*j**3 - 22*j**2 + 29*j + 60. Let l be v(-12). Determine h(l).
13
Suppose -4*u + 10 = 2*g - 18, 32 = 5*u + 4*g. Let t(n) = -5 - 3*n**3 - u*n - 3*n**3 - 13*n**2 + 5*n**3 - 4*n. What is t(-12)?
-5
Let z(u) be the third derivative of u**7/5040 - u**6/720 - u**5/12 + 23*u**2. Let b(q) be the third derivative of z(q). Determine b(-4).
-5
Suppose -4 = -6*j + 8*j. Let c(b) be the first derivative of -b**3/3 - 3*b**2/2 - 3*b + 59. What is c(j)?
-1
Let n(f) be the second derivative of -5*f + 1/60*f**5 + 0*f**3 - 4*f**2 - 5/24*f**4 + 0. Let u(j) be the first derivative of n(j). Determine u(4).
-4
Let a(k) = 4*k**3 - 10*k**2 + k - 8. Let f(b) = b**3 - b**2 - b. Let t(c) = -a(c) + 5*f(c). Suppose -m = -n + 5*n + 28, 0 = 2*n + 4*m + 28. Determine t(n).
8
Let z(c) = 2*c + 38. Let f be z(-18). Let i(u) = -13*u**2 + f - 1 + 1 + 12*u**2 + 2*u. Determine i(-2).
-6
Let p(z) = -2 - 2*z + 0*z - 1. Let j be 2/(-7) - (-255)/35. Suppose -5*x = -4*d - 37, 2*x + 5*d = 4*d + j. Calculate p(x).
-13
Let x = -70 - -75. Let m(s) = -3 - x + s - 2 - s**2 + 3. Calculate m(0).
-7
Let k(o) = -5*o - 3. Let h be 0 + -11 - 10/(-2). Let m(j) = -j + 1. Let l(x) = h*m(x) + k(x). Determine l(5).
-4
Let j(u) = 32*u + 3. Let f(l) = 91*l + 9. Let q(a) = -6*f(a) + 17*j(a). Let o = 6 + -11. Determine q(o).
7
Let y(s) = 0*s**2 - 3*s**2 - 386 - 6*s + 377 + 4*s**2. What is y(7)?
-2
Let c(i) be the second derivative of -i**4/12 + i**3 + 15*i. Let d(g) = -g**2 + 5*g + 1. Let u(n) = 3*c(n) - 4*d(n). Determine u(3).
-1
Let k(o) = -o**3 - 6*o**2 + 6. Let s(f) = -6 - 209*f**2 + 208*f**2 - 4 - 6*f. Let u be s(-5). Determine k(u).
-19
Suppose 0 = 4*q + 5 - 85. Suppose q = 5*u, 0*u + u + 192 = -4*s. Let g be (-35)/s - (-2)/7. Let m(a) = 7*a**3 + 2*a - 1. What is m(g)?
8
Suppose 914 = -7*s + 998. Let z(g) = 3*g - 31. Give z(s).
5
Let q(g) = 10*g - 3. Suppose 5*j + a = j - 10, j - 2*a = -7. Determine q(j).
-33
Let k(c) be the first derivative of -1 + 3*c + 2*c**2 - 4*c - 3*c**2 + 3*c**3. Let m(z) = -z**2 + 30*z - 1. Let v be m(0). Determine k(v).
10
Let v(h) = 3*h - 1. Let g(n) = 19*n - 1. Let z(j) = -g(j) + 6*v(j). What is z(7)?
-12
Let r(m) = m**3 - 7*m**2 + 7*m + 4. Let i(g) be the third derivative of g**5/60 - g**4/3 - g**3/2 + 30*g**2. Let b be i(9). Determine r(b).
10
Let g(z) be the first derivative of z**4/2 + 2*z**3 + 2*z**2 + 6*z + 123. Determine g(-4).
-42
Let y = -10 - -8. Let b(a) = 3*a + 1. What is b(y)?
-5
Suppose -3*z - 3*w + 15 = -0*w, w = -4. Let t = -6 + z. Let j = t - -2. Let s(p) = p**2 - 4*p + 4. Give s(j).
9
Let v be (-10)/(-8)*(-5 - -1). Let h(y) = -5*y**2 - 40*y**3 + 21*y**3 + 18*y**3 + 1 + 0*y**2. Calculate h(v).
1
Suppose -2*z + 9 = -5*z. Let b(l) = -2*l + 24. Let s be b(11). Let a(c) = 1 + 3*c - s*c - 2*c - 2. Determine a(z).
2
Let p(r) be the second derivative of -r**3/3 + 7*r - 14. Determine p(-6).
12
Let c(x) = -x + 5. Let n(s) = s - 13. Let v be n(16). Suppose -48 + 11 = -4*g + v*r, -43 = -4*g + 5*r. Calculate c(g).
-2
Let m(i) = -i + 2. Let s be (-1)/(-5) + 1*(-87)/(-15). Give m(s).
-4
Let c(t) = t**2 - 2*t**2 + 6*t**2 - 4*t**2 - 2*t - 5. What is c(5)?
10
Let u(n) = n**3 - 4*n**2 - 8*n + 9. Let f be u(5). Let x(q) be the third derivative of -1/3*q**4 - 1/60*q**5 - 5/6*q**3 + 0 + 0*q + q**2. Give x(f).
7
Let f(v) = 3*v + 1. Suppose -5*a = c - 5*c - 17, 17 = 2*a - 5*c. Suppose o - 8 = a. Suppose -3*l = -o + 3. What is f(l)?
7
Let p(r) = 11*r - 4. Let g(q) = -q**2 - 24*q - 42. Let m be g(-22). Determine p(m).
18
Let t(f) be the second derivative of -9*f**5/10 + 105*f. Let j be 6/(-9) - (-2)/(-6). What is t(j)?
18
Let y(s) = s**2 + 405*s + 0 - 413*s + 11. What is y(7)?
4
Let m(b) = b**3 - 13*b**2 + 9*b + 26. Let u(z) = -z**3 - 43*z**2 + 94*z + 192. Let n be u(-45). What is m(n)?
-10
Let r = -181 - -178. Let i(n) = -n**3 - 2*n**2 + 5*n - 3. Give i(r).
-9
Let r = -4 + 10. Let j be (r/9)/(1/(-3)). Let m(l) = l**2 - l - 2. Determine m(j).
4
Suppose 4*d - 35 = -3*t - d, d = -5. Suppose 0 = -g + 5*g + t. Let n(i) = i**3 + 5*i**2 + 2*i + 4. Determine n(g).
-6
Let r(x) = x**3 + 2*x**2 - 9*x - 2. Let z be (-2 + (-98)/(-21))*(-12)/8. Give r(z).
2
Let v(o) = -o + 7. Let h be v(0). Let l(w) = -4*w + h*w + 3 + 3*w. Let c(b) = -5*b - 2. Let m(a) = 3*c(a) + 2*l(a). Determine m(-1).
3
Let a(u) = u**3 + 4*u**2 - 5*u - 4. Let z = -10 - -9. Let o be (-258)/(-12) - z/2. Let q = o - 26. What is a(q)?
16
Let s(i) = -9*i + 2 + 2*i - 2*i - 3 - 3*i. Calculate s(-3).
35
Let u(m) = m. Suppose 0 = 58*i - 59*i - 7. What is u(i)?
-7
Let c(q) = -11*q**2 - 29*q - 9. Let n(f) = 5*f**2 + 14*f + 5. Let s(p) = 4*c(p) + 9*n(p). What is s(-6)?
-15
Let v(o) = -7*o + 5. Let s(g) = -3*g. Let c(a) = 4*s(a) - 2*v(a). Give c(5).
0
Let z(a) be the third derivative of a**5/30 + 11*a**4/12 + 4*a**3 + 21*a**2. Let n be z(-10). Let k(r) = r - 8. What is k(n)?
-4
Suppose 11 = -2*x - 5*s + 35, 5*x - 5*s = 25. Suppose -t + 2*t - 7 = 0. Let r(n) = x*n - n - 4*n - t - n. Give r(5).
-2
Let j be (5148/(-27))/13 + 2/(-6). Let u(y) = -3*y - 49. Give u(j).
-4
Let z(a) = -7*a**2 - 16*a + 6. Let i(j) = -2*j**2 - 8*j + 4*j + 3 - 3*j - j**2. Let u(x) = -5*i(x) + 2*z(x). Calculate u(2).
7
Let t(m) = 370 - m**3 - 372 + 4*m - m. What is t(3)?
-20
Let n(t) = -t**3 - 3*t**2 + 3*t. Let f be -3*(-2)/5*(-200)/80. What is n(f)?
-9
Let r(t) = -t**2 - 4*t + 11. Suppose 0 = 4*v + 2*w + 24, 8*w + 20 = -3*v + 6*w. Calculate r(v).
11
Let y(l) = 5*l**2 + 3*l + 1. Let u = -21 + 19. Calculate y(u).
15
Let n(a) = -11*a**2 - 2*a - 33. Let i(v) = -5*v**2 - v - 16. Let m(g) = -7*i(g) + 3*n(g). Let x(w) be the first derivative of m(w). What is x(1)?
5
Suppose -3*q = k - 7*q - 1, 0 = 5*k - 3*q - 73. Let t(a) = 14*a**2 + 23*a + 35. Let y(z) = 5*z**2 + 8*z + 12. Let l(i) = k*y(i) - 6*t(i). What is l(5)?
9
Let l(x) = x + 3. Let o(a) = -3*a**2 + 12*a - 14. Let v(f) = f**2 - f - 1. Let t(z) = o(z) + 2*v(z). Let c be t(8). What is l(c)?
3
Let k be 78/5 + (-4)/(-10). Let l(c) = -2*c + 33. Let r be l(k). Let u(v) = -7*v**2 + 2*v - 1. What is u(r)?
-6
Let m = 9 - 3. Let w be (-4)/m - 99/(-27). Let r(f) = -126*f**2 - 4*f + 0 + 125*f**2 - w. What is r(-2)?
1
Let z(w) = -w**2 + 9*w + 1. Let d(c) = c**2 - 4*c - 1. Let j(a) = 7*d(a) + 3*z(a). Determine j(-3).
35
Let h(q) = -5*q**3 + 11*q**2 + q + 6. Let w(u) = 2*u**3 - u**2 - u + 1. Let c(t) = -h(t) - 2*w(t). Give c(9).
1
Let k(g) = 5 - 230*g + 380*g - 163*g. Determine k(-5).
70
Let q be 0/(1 + 4/(-2)). Let f(n) be the second derivative of q*n**2 + 4*n + 1/6*n**3 + 0. Calculate f(-7).
-7
Let l(a) be the second derivative of -1/2*a**2 - a**4 + 3*a + 0*a**3 + 0. Give l(1).
-13
Let p(l) be the third derivative of 1/24*l**4 - l**3 + 10*l**2 + 0*l + 0. What is p(0)?
-6
Let t(i) = -i. Suppose -16 = 2*k - 2*x, 2*x - 114 = -112. What is t(k)?
7
Let x be 4/((-8)/6) + 6. Suppose d = -2*d + x. Let i be 44/(-20) - d/(-5). Let p(a) = a**3 + 3*a**2 + 3*a +